 be (0 + 3)/((-2)/(-10)). Suppose 4*a + 5*j - l = -4, -a + 4*j = 13. Is 14 a factor of 13 + 0 + (-1)/a?
True
Let a(v) = 49*v - 3. Is a(2) a multiple of 19?
True
Suppose 0 = 5*h - 3*h - 4. Suppose -r = 2*r + 4*o - 10, h*r - 2*o + 12 = 0. Let l = 12 - r. Is l a multiple of 7?
True
Suppose -3*m - 12 = 0, -2*m = -v - 6*m + 71. Is 29 a factor of v?
True
Let l = -51 + 79. Is l a multiple of 3?
False
Let h(l) = -2*l**3 - l**2 + l + 2. Let f be h(2). Let n = -8 - f. Does 2 divide n?
True
Let c(h) = 10*h + 6. Is c(9) a multiple of 16?
True
Let o(p) = -p**2 + 12*p - 7. Let y be o(12). Let w = 15 - y. Does 15 divide w?
False
Let g(j) = 108*j + 8. Let p be g(8). Is 12 a factor of p/36 - 4/18?
True
Suppose 10 = 5*s, -x + 2*s = 5*s - 55. Suppose x + 16 = 5*a. Is 8 a factor of a?
False
Suppose 4*u + 2*d + 26 = 0, 3*u = 4*d - 7 - 7. Let q(z) = 3 + 2*z + z**2 + 0*z**2 - 2*z + 3*z. Does 20 divide q(u)?
False
Is 26 a factor of 19/(-7) + 26/(-91) - -29?
True
Let m be (2 + -1)/((-1)/15). Let b = m - -21. Does 3 divide b?
True
Is 208/(-1 - -5) - 5 a multiple of 3?
False
Suppose 0 = -o - 5*g + 146, -g + 75 = o - 55. Let f = o + -46. Is 20 a factor of f?
True
Suppose 2*x = -2 + 6. Let h = 3 + x. Suppose -5*g = a + 3*a - 103, -2*g - h*a = -31. Is g a multiple of 19?
False
Suppose 5*v + 15 = 0, 0*v = 3*i + 3*v + 18. Does 7 divide (i - -1)*56/(-16)?
True
Let r(b) = b**3 + b - 6. Let l be r(-6). Let q be (-1 + 2)/(3/l). Let i = -42 - q. Does 18 divide i?
False
Let p(l) = l + 13. Let z be p(-11). Suppose z*b + b = 39. Is b a multiple of 13?
True
Let d = 29 + -44. Let j = -9 - d. Suppose -b - 45 = -j*b. Does 9 divide b?
True
Let o be (0 - (-2)/(-2))*-6. Let z = 3 - o. Let d = 0 - z. Is 2 a factor of d?
False
Let l(p) = -p + 4. Let z be l(6). Is (-39)/(-9) - z/3 even?
False
Let b be -1 + (45 - -2) - 2. Let v be 72 + (0 - -3 - 7). Let r = v - b. Is r a multiple of 17?
False
Let c = -4 - -6. Let y be 4/(-6)*(1 + c). Let r = 5 + y. Does 2 divide r?
False
Let t(g) = -g**3 - 6*g**2 + 5*g - 9. Let w be t(-7). Let v be 4/w*(-4 - -9). Let p(z) = 13*z. Is 21 a factor of p(v)?
False
Let x(v) = -v**3 + 23*v**2 + 2*v - 5. Is 2 a factor of x(23)?
False
Let y = -29 + 9. Let b = -11 - y. Does 2 divide b?
False
Let h(s) = -17*s - 2. Is h(-2) a multiple of 8?
True
Suppose 2*p - 32 - 6 = 3*s, 3*s + 104 = 5*p. Suppose p = -2*u + 78. Suppose -3*i + 5*w + 77 = i, -i = -3*w - u. Does 13 divide i?
True
Let t be 44 + (-1 - -4) - 2. Suppose 4*v = -t + 209. Is v a multiple of 11?
False
Let t(x) be the third derivative of -17*x**4/12 - x**3/6 - 5*x**2. Does 9 divide t(-1)?
False
Suppose 5*x - 5*v - 65 = 0, -x - v + 4 = -3. Let b = x + 0. Is 13 a factor of (-186)/(-14) - b/35?
True
Let l(z) = -z. Let d(u) = -2*u - 14. Let g(b) = -d(b) + 3*l(b). Does 9 divide g(-11)?
False
Let v = 16 + -10. Is 14 a factor of (-1547)/(-28) - v/(-8)?
True
Suppose -3*s + 64 = 4*d, 16 = -4*d + 8*d. Suppose 3*r = r + s. Is 4 a factor of r?
True
Let v = -1 - 1. Let g be (4 + -2)/v*-76. Suppose -g = -3*b - 31. Is 10 a factor of b?
False
Let y = -1 - 1. Let j(c) = -c - 5*c + 5 - 3. Is j(y) a multiple of 5?
False
Suppose -2*u = -3*v - v - 82, 3*u - 115 = 2*v. Suppose -4*j + 109 = u. Is 18 a factor of j?
True
Is 6 a factor of ((-9)/(-12))/((-4)/(-112))?
False
Suppose 0*y + 4*y = 12. Is 2 a factor of y?
False
Suppose -3*d + 2*d + 66 = 0. Does 22 divide d?
True
Let t(f) = -f**2 + 8*f - 8. Let o be t(6). Let z(b) = -b**3 + 6*b**2 - 2*b + 2. Is 13 a factor of z(o)?
True
Let h(s) = s + 8. Let m(v) = 8*v**3 - v. Let y be m(-1). Let g be h(y). Is -1 + 26/(g - 0) a multiple of 13?
False
Suppose 4*n + z = 111 - 3, n - 3*z - 27 = 0. Is n a multiple of 4?
False
Suppose 32 = n - 8. Is 31 a factor of n?
False
Suppose -6 - 84 = -5*d. Does 6 divide d?
True
Suppose u - 8 = 16. Let r = 39 - u. Is r a multiple of 4?
False
Let q(s) = 3*s - 5. Suppose 5*v + 10 - 45 = 0. Is 8 a factor of q(v)?
True
Suppose 0 = m - 2*m + 126. Does 21 divide m?
True
Suppose 0 = 6*i - 12*i + 384. Does 12 divide i?
False
Suppose 0 = -l - 19 + 61. Let w = l + -22. Is w a multiple of 15?
False
Let b(c) = c**3 + 9*c**2 + 8*c + 5. Let j = -2 + -6. Let q be b(j). Suppose 0*o - 5*r + 12 = o, -q*r - 5 = 0. Is 16 a factor of o?
False
Let r(w) = -w**3 - 7*w**2 - 8*w - 7. Let z be r(-6). Suppose j = -2*f - 0*j + 1, z*f + 4*j = -5. Let u(k) = 3*k + 2. Is u(f) a multiple of 6?
False
Let s(t) = -2*t - 8. Let u be s(-7). Let b be 4/u + (-14)/(-6). Suppose y - 3*y - 36 = -2*i, y - b = 0. Is i a multiple of 11?
False
Suppose 476 = 5*r - 4*g, -5*g = 2*r - 10*g - 187. Suppose -4*x + 0*v = 3*v - r, -4*v = -x + 5. Is x a multiple of 7?
True
Suppose y + 0*y = 2. Let r be y/7 - (-444)/14. Suppose w - k + r = 3*w, -5*k + 20 = 0. Is w a multiple of 5?
False
Suppose 2*u = 4*u. Is 14 a factor of u/1 + (3 - -25)?
True
Let g = 3 + 5. Let n(s) = 4 + s + g*s - 6*s. Is n(5) a multiple of 7?
False
Suppose 5*r - 5*j - 680 = -j, 5*j = 5*r - 685. Is 24 a factor of r?
False
Let c(p) = 49*p + 19. Is 44 a factor of c(5)?
True
Let r(s) = 2*s**2 + 7*s - 2. Suppose -4 = 3*k - 19. Suppose b + 1 = j, -3*b = -k*j + 3*j + 7. Is r(b) a multiple of 13?
True
Let l(c) = c**3 - 7*c**2 + 8*c + 16. Is l(7) a multiple of 12?
True
Suppose -k + 3*i + 8 = -0, 4*i + 14 = 2*k. Suppose -4*j - k*n = -5, 4 = j + 2*j + 4*n. Suppose -2*d + 38 = 2*d + 2*v, -5*d + v + 37 = j. Is 4 a factor of d?
True
Suppose -5*i - 6*x + x = 15, i + 33 = 5*x. Is (18/i)/(1/(-8)) a multiple of 9?
True
Suppose -5*s - 5 = -4*d - 24, -3*s + 10 = -d. Suppose o + 8 = s*o. Suppose 0 = 2*l + 10, 4*l + 116 = o*q - 0*q. Does 8 divide q?
True
Let d(h) = h**2 - 2*h + 437. Is 13 a factor of d(0)?
False
Suppose -4*q + 76 = -3*n + 1, 2*q + 3*n - 15 = 0. Is q a multiple of 5?
True
Let r(f) = -f**3 + 4*f**2 + 6*f + 6. Does 5 divide r(5)?
False
Let g be (5/15)/((-1)/(-102)). Suppose 0 = 3*d - 2*v - g - 22, -3*v = 5*d - 87. Is d a multiple of 9?
True
Let o(x) be the first derivative of 3*x**2/2 + 5*x - 1. Let f be o(-4). Let n = f + 11. Does 3 divide n?
False
Let h(v) = -v + 36. Does 4 divide h(16)?
True
Let o = -91 + 150. Does 13 divide o?
False
Let a be (-1 + (-34)/(-4))*2. Does 6 divide 294/10 - 6/a?
False
Suppose -5*r + 65 = -0. Suppose d = 36 - r. Suppose 3*o - d = 2*u - 0*u, o = 4*u + 11. Is o a multiple of 6?
False
Suppose 0 = 4*y - 353 + 1041. Let m be 2 + 1/((-2)/y). Suppose 4*j = -4, -5*j = -5*x + m + 12. Is 19 a factor of x?
True
Does 8 divide (-94)/(-12) + (-15)/(-90)?
True
Let q(d) = -d**2 + d + 1. Let s(y) = 8*y**2 - 3*y - 4. Let h(w) = 3*q(w) + s(w). Let f = -3 - -4. Does 2 divide h(f)?
True
Suppose 5*n - 15 = 5*x, 0 = -2*n + 4*x + 16 - 4. Let p(y) = -y**3 + 6*y**2 + 3*y + 4. Let g be p(6). Suppose -3*f + f + g = n. Does 7 divide f?
False
Let b(o) = -10*o - 4. Suppose 5*k + 22 = -p, -p + 2*p + 2 = 0. Let z be b(k). Suppose -z = -u + 4. Is u a multiple of 20?
True
Suppose 78 + 138 = -3*i. Let k = i - -106. Is 17 a factor of k?
True
Let s be ((-14)/21)/((-4)/654). Let b = s - 57. Let f = b + -22. Is 21 a factor of f?
False
Suppose 0 = -3*t + 5*t - 142. Does 14 divide t?
False
Let t be 1/(1*(-1 + 0)). Let h(r) = 3*r**2 + r + 1. Let g be h(t). Suppose 0 = -g*w + 4*w - 10. Is w a multiple of 5?
True
Let h = -9 + 10. Let a = -12 - -7. Is 4 a factor of h - (a + 0) - 1?
False
Suppose -i = -6*i + 20. Suppose -4*w = -v - 3*w + i, 3 = 3*w. Suppose v*s + 3*h - 115 = 0, 2*s - 41 - 31 = 4*h. Is 17 a factor of s?
False
Let o be 30/(-4)*8/(-12). Suppose 0*f - 4*f = o*h - 155, 0 = f. Is 23 a factor of h?
False
Suppose -3*m + 1200 = 2*m. Is m a multiple of 25?
False
Suppose 0 = -f + 5 - 3. Suppose 4*o = -16, f*o + 13 = v + o. Is 8 a factor of 164/v + 6/(-27)?
False
Let l(c) = -2*c**3 - 6*c**2 + c + 5. Let m = 3 + -8. Let r be l(m). Suppose 6*o = o + r. Does 10 divide o?
True
Let v(i) = 24*i - 1. Let u be v(-4). Let h = u - -151. Is h a multiple of 14?
False
Let m be 2 - (1 + 2 - -1). Is 3 a factor of 7 - (m + -3 + 2)?
False
Suppose 0 = -2*l - 2*l + 224. Does 7 divide l?
True
Let n(a) = -a**3 + 5*a**2 - 2*a. Let k(p) = -p**3 - 10*p**2 - 8*p + 11. Let b be k(-9). Suppose x - 12 = -b*x. Does 8 divide n(x)?
True
Let o = 0 - 1. Let h(k) = -41*k + 1. Is 15 a factor of h(o)?
False
Does 7 divide 16/(-6)*693/(-44)?
True
Let h(c) = c**2 - c. Let v(g) = -5*g**3 + g. Let r be v(1